se 5) in base 4?
-102133223
Convert 22547265 (base 8) to base 12.
1785185
Convert 1111100100011010 (base 2) to base 6.
1211122
Convert -2718010 (base 10) to base 13.
-7421b9
-55a92 (base 13) to base 9
-256387
What is 1022222010 (base 3) in base 14?
97ac
Convert -120104444 (base 5) to base 15.
-ad234
What is 23001652 (base 7) in base 4?
13220131003
116447 (base 8) to base 12
1b347
Convert 653380 (base 9) to base 4.
1133013201
What is 626217 (base 9) in base 10?
371968
Convert 2644512 (base 7) to base 16.
54cea
Convert 115240243 (base 6) to base 9.
4143520
Convert 5e0cb (base 16) to base 5.
44311402
What is 136415 (base 8) in base 11?
333a8
Convert 1100010001100011101 (base 2) to base 3.
202102201111
What is 45340 (base 12) in base 4?
112132200
Convert 2504623 (base 8) to base 5.
134044304
250013421 (base 6) to base 11
2762024
-100111200022 (base 3) to base 8
-555356
What is d00d (base 15) in base 12?
21494
-37236 (base 11) to base 2
-1101000100010001
What is 392360 (base 15) in base 11?
160260a
What is -2111313343 (base 5) in base 10?
-4401098
-1446672 (base 8) to base 15
-8260e
What is 34154325 (base 6) in base 3?
1221220220122
-125421561 (base 7) to base 10
-8072793
Convert -11211212111 (base 3) to base 6.
-2013404
-de0e49 (base 16) to base 5
-12211141044
-45aa3a (base 11) to base 2
-10110010101101000100
Convert 101210202201 (base 4) to base 15.
60eb93
Convert -3241 (base 14) to base 7.
-34211
Convert -2055052 (base 6) to base 16.
-18a28
Convert -365999a (base 11) to base 16.
-61288b
a20ca8 (base 14) to base 16
5346a4
10120231 (base 5) to base 11
57040
-1200110111000 (base 3) to base 13
-2543b5
What is -180c02 (base 15) in base 12?
-483485
What is 1b9953 (base 15) in base 14?
27173a
Convert 185589 (base 12) to base 6.
13031453
What is 2217407 (base 8) in base 6?
20451235
Convert -758998 (base 16) to base 7.
-122321353
-628277 (base 9) to base 4
-1123023220
Convert 5830928 (base 11) to base 2.
100110111000000110010111
9831 (base 15) to base 2
111110111011101
What is -238043 (base 12) in base 13?
-1711c5
100101100100011 (base 2) to base 12
b16b
Convert -15569a6 (base 13) to base 14.
-ca1090
Convert 66204775 (base 8) to base 4.
312100213331
What is 31da04 (base 15) in base 7?
26120563
Convert 3485a (base 13) to base 3.
11212112210
200215 (base 6) to base 9
23402
Convert -17756449 (base 10) to base 3.
-1020102010021021
What is 8c574 (base 13) in base 16?
3e730
52454353 (base 7) to base 10
4433803
What is -110402130 (base 5) in base 11?
-2a9874
What is -111033440 (base 5) in base 9?
-821617
25e045 (base 15) to base 6
102554102
2587173 (base 9) to base 13
3a75b9
20303133 (base 4) to base 5
2123223
-13004424 (base 5) to base 10
-125614
6b244b (base 12) to base 14
32c9d1
50256024 (base 7) to base 6
225140150
-210221011000 (base 3) to base 10
-431676
What is 5314127 (base 9) in base 16?
2b651f
-4413101 (base 5) to base 4
-102203322
What is 1100100111011100011000 (base 2) in base 15?
454e0d
What is -6067255 (base 8) in base 12?
-652751
-141004041 (base 5) to base 7
-6054000
What is 1000010000111111010101 (base 2) in base 6?
114235113
-63520677 (base 8) to base 11
-770a199
Convert 17236013 (base 8) to base 14.
7666b9
-1040310 (base 8) to base 4
-1010003020
Convert 10406208 (base 9) to base 7.
60462245
1226a (base 11) to base 2
100010011010101
Convert -c534d (base 14) to base 5.
-110202434
What is -1001001101100011000101 (base 2) in base 6?
-123431325
-29600 (base 15) to base 9
-222360
-1c418b (base 14) to base 2
-11110110100110111111
Convert -23bad (base 15) to base 11.
-78729
Convert 32359 (base 10) to base 8.
77147
What is 1211222202202 (base 3) in base 6?
33031245
What is -5134406 (base 7) in base 12?
-257285
What is 20418 (base 12) in base 6?
522432
Convert -10412430 (base 6) to base 11.
-1a4122
11a20 (base 11) to base 16
4334
What is 221121112 (base 3) in base 10?
18671
Convert 223023311 (base 4) to base 13.
62687
Convert 3012742 (base 8) to base 15.
109a24
Convert 83538 (base 12) to base 15.
35dab
What is b4f2b2 (base 16) in base 4?
231033022302
What is -303303221 (base 5) in base 14?
-23da25
What is 126100 (base 8) in base 10?
44096
110011110000011010110 (base 2) to base 5
413232313
What is -636059 (base 10) in base 15?
-c86de
What is -7217621 (base 8) in base 10?
-1908625
What is 650504 (base 15) in base 9?
10041684
What is -6340264 (base 10) in base 7?
-104614510
-1403258 (base 10) to base 11
-87931a
Convert -102020112020210 (base 3) to base 5.
-3012134323
3226670 (base 8) to base 13
243164
Convert 4051011 (base 6) to base 15.
3c437
-12424244 (base 6) to base 11
-259516
Convert -670312 (base 10) to base 7.
-5461156
-198478 (base 14) to base 8
-3352252
Convert -1005826 (base 9) to base 14.
-dd366
What is -2457 (base 14) in base 7?
-24340
Convert -627555 (base 8) to base 10.
-208749
Convert 22404231 (base 5) to base 11.
127763
Convert 11000010110111001100 (base 2) to base 4.
3002313030
Convert 1a9813 (base 14) to base 6.
32154041
Convert -33221310 (base 5) to base 6.
-10105431
Convert 337655 (base 9) to base 11.
129133
Convert 2110110221 (base 3) to base 9.
73427
Convert 6340100 (base 7) to base 16.
bb010
What is 1773088 (base 9) in base 2?
11110010011011010010
23531023 (base 7) to base 9
3837154
What is -2012212001211 (base 3) in base 11?
-735152
What is -542557 (base 8) in base 6?
-3520451
2214144 (base 7) to base 13
97200
What is -74186 (base 15) in base 13?
-cb7b1
-1000100010101001000000 (base 2) to base 3
-11012202101102
Convert -16403256 (base 8) to base 6.
-213301314
Convert 210510521 (base 6) to base 4.
32002110301
What is 3976a56 (base 11) in base 15?
90c476
-1002101021121 (base 3) to base 12
-23a7ba
Convert -3244032 (base 7) to base 6.
-12304320
Convert 180b4 (base 14) to base 15.
12e01
c0aa (base 16) to base 11
34069
What is -2225537 (base 8) in base 7?
-5051655
Convert -500626 (base 9) to base 12.
-1231a3
Convert -24004532 (base 6) to base 4.
-2312200220
Convert 1000212110 (base 3) to base 14.
7592
What is a4c50 (base 14) in base 13?
10bc55
What is 1043030 (base 6) in base 12?
26476
Convert 11213535 (base 6) to base 7.
2632523
Convert 1736617 (base 14) to base 3.
210111120012010
Convert -2087337 (base 12) to base 6.
-335454111
-20031112113 (base 4) to base 13
-5a4596
Convert 101100000010011111110 (base 2) to base 14.
297c86
Convert -1c1361 (base 14) to base 13.
-29124b
What is -1ae6c8 (base 15) in base 7?
-14113052
Convert 143683 (base 9) to base 6.
1515333
What is 14543053 (base 6) in base 9?
858336
-7a1768 (base 13) to base 15
-3c0b1c
What is -486645 (base 14) in base 6?
-125024245
Convert -510750 (base 8) to base 11.
-1055a3
What is 1a3130 (base 13) in base 2?
10100010000010010110
Convert 41744 (base 10) to base 13.
16001
21321112033 (base 4) to base 2
1001111001010110001111
-121285 (base 9) to base 14
-1c923
15a03b (base 12) to base 4
1122102233
22200001111 (base 3) to base 14
46278
What is -132223312221 (base 4) in base 11?
-45a4598
-55203503 (base 6) to base 10
-1649343
What is -323234 (base 8) in base 10?
-108188
Convert 100110110101001001 (base 2) to base 5.
20042144
Convert 120110101 (base 3) to base 8.
26005
What is -3ba027 (base 12) in base 11?
-618260
What is 3005532 (base 6) in base 12?
698a8
What is 111530324 (base 6) in base 2?
111110100010001001100
Convert 10011220122002 (base 3) to base 14.
320388
-107092 (base 10) to base 14
-2b056
20131331 (base 4) to base 12
180a5
What is 2096347 (base 10) in base 11?
1202020
What is -2a4226 (base 11) in base 12?
-1aa44a
What is 11011211112222 (base 3) in base 12?
8b1322
What is 54b33 (base 16) in base 5?
42100211
Convert -1003300031 (base 4) to base 12.
-114725
Convert -7d798 (base 14) to base 5.
-34243330
1d2601 (base 15) to base 11
894091
Convert -2e152 (base 16) to base 12.
-91296
Convert -7eac64 (base 15) to base 6.
-333523451
-2cc288 (base 14) to base 3
-2221202202010
What is -2311453 (base 7) in base 4?
-1012132321
What is 100000100110001001 (base 2) in base 12?
65321
Convert -82143 (base 9) to base 14.
-159bc
Convert -433f5 (base 16) to base 12.
-113499
-2252151 (base 6) to base 15
-244cd
127206 (base 16) to base 12
4a3686
What is -265206 (base 9) in base 12?
-793b9
Convert -926fdf (base 16) to base 14.
-13bb5a7
3062082 (base 9) to base 8
6171625
Convert -1012400 (base